04 (base 5) to base 7
-323002
What is 113452142 (base 6) in base 3?
11000121020022
What is 2779363 (base 10) in base 9?
5205511
What is 29bb36 (base 12) in base 16?
ac19a
224053510 (base 6) to base 5
2023104132
Convert 266616 (base 7) to base 12.
251a9
9a853 (base 16) to base 13
19210a
What is 1301404 (base 5) in base 4?
12022031
Convert -40986 (base 16) to base 3.
-111102221100
Convert 384854 (base 11) to base 4.
2110012220
What is 11023133203 (base 4) in base 9?
2488481
What is 107240 (base 8) in base 12?
19168
What is 238457 (base 9) in base 7?
1136536
Convert -336452 (base 7) to base 4.
-32220023
Convert 5c0d6 (base 14) to base 7.
1625356
-1e253d (base 15) to base 7
-15355243
Convert -14202130 (base 5) to base 6.
-3053153
Convert 347987 (base 14) to base 7.
21125330
-669815 (base 10) to base 13
-1a5b53
241400 (base 7) to base 14
11d37
-160382a (base 14) to base 2
-101001000100011111101110
23556100 (base 7) to base 6
112545444
Convert -19f7d (base 16) to base 12.
-51679
Convert 2d365 (base 14) to base 12.
555b9
928a4 (base 16) to base 5
123201403
What is -32aa326 (base 12) in base 7?
-145166445
Convert 582b50 (base 12) to base 2.
101011001011111101100
Convert -302202120 (base 4) to base 5.
-23111000
10001010000101000010 (base 2) to base 9
1051731
What is -4134345 (base 6) in base 12?
-973b5
12200050 (base 6) to base 4
1132323132
53315023 (base 6) to base 7
16206516
What is -5042808 (base 10) in base 12?
-1832360
Convert -316061 (base 9) to base 10.
-188137
3680506 (base 11) to base 2
11000011010001100001000
What is -100010101202 (base 3) in base 12?
-87b48
Convert 54504033 (base 7) to base 5.
2144024432
Convert 266075 (base 10) to base 3.
111111222122
What is -341261 (base 8) in base 2?
-11100001010110001
-1020200012220 (base 3) to base 16
-a1d24
What is -20200202 (base 4) in base 5?
-2103400
42566650 (base 7) to base 16
3764da
63981 (base 13) to base 8
536577
29925 (base 10) to base 16
74e5
88613 (base 12) to base 16
2c16f
3bd78 (base 16) to base 4
323311320
What is 6406031 (base 8) in base 16?
1a0c19
Convert -29328d (base 14) to base 9.
-2618705
Convert 824ab (base 14) to base 9.
527342
What is -168165 (base 12) in base 11?
-244a85
What is -12110220021 (base 3) in base 11?
-74007
Convert 101010110010011111010 (base 2) to base 15.
1ca68b
What is -22011001110 (base 3) in base 12?
-78a03
Convert -100010010011001000111 (base 2) to base 16.
-112647
37711 (base 15) to base 4
223033003
Convert 14021034 (base 5) to base 10.
142019
20720344 (base 8) to base 14
8352a8
-659e32 (base 16) to base 15
-8b8359
Convert -a91b (base 13) to base 16.
-5bdb
Convert -c63a2 (base 15) to base 8.
-2313541
Convert -2da116 (base 15) to base 14.
-4179d5
-35244444 (base 6) to base 12
-449724
What is 22202222011212 (base 3) in base 7?
54434315
What is -10000010010101100 (base 2) in base 9?
-111476
-1001110011000010001011 (base 2) to base 8
-11630213
Convert -823858 (base 9) to base 7.
-4102625
-110123501 (base 6) to base 14
-3942bb
What is -3649a (base 13) in base 8?
-302524
What is -254410 (base 12) in base 6?
-21014420
What is -2110230103 (base 4) in base 13?
-1842a6
What is -653276 (base 14) in base 10?
-3427752
27023b1 (base 12) to base 3
112112002211221
-42425631 (base 7) to base 4
-31233301023
Convert -2022201002022 (base 3) to base 9.
-2281068
-a4b8e (base 15) to base 6
-15110155
What is -26bc8ca (base 13) in base 5?
-11112122204
10130312 (base 5) to base 9
136122
Convert 1668 (base 10) to base 2.
11010000100
What is -2020002111 (base 3) in base 13?
-16c2a
-10430868 (base 9) to base 13
-1075ab4
Convert 39b736 (base 12) to base 6.
32232510
17a763 (base 11) to base 16
43d04
664702 (base 10) to base 3
1020202210121
-218d5 (base 16) to base 9
-228458
Convert -588024 (base 12) to base 9.
-2610201
What is -10110101111010101 (base 2) in base 11?
-63a84
Convert -2003014 (base 6) to base 13.
-33a06
-51227 (base 12) to base 6
-2133251
What is 383915 (base 13) in base 3?
2112121112102
-715b9 (base 16) to base 6
-13541333
Convert -8c233 (base 13) to base 12.
-103854
-325617 (base 9) to base 5
-22210131
-20653 (base 13) to base 9
-87751
4411033 (base 6) to base 12
a6a79
-10303212032 (base 4) to base 3
-2101000021122
6119639 (base 11) to base 9
22317213
-11011010202221 (base 3) to base 8
-10327020
19456d (base 16) to base 14
3117c1
1000000100101000 (base 2) to base 16
8128
311311011 (base 5) to base 14
252cd6
Convert 10240264 (base 7) to base 11.
542356
-f1926 (base 16) to base 4
-3301210212
-101101011100001100 (base 2) to base 15
-3a234
-803b1 (base 14) to base 16
-4b367
What is 13203314 (base 7) in base 14?
23760b
-595b4 (base 14) to base 11
-1397a4
-301322131 (base 4) to base 6
-4214301
Convert -24ca8 (base 13) to base 10.
-68076
-83875 (base 13) to base 12
-b4a67
-1131013230 (base 4) to base 13
-1047c0
What is -1221000022000 (base 3) in base 2?
-11111001111011110100
210002030 (base 4) to base 5
14210341
Convert 29e33 (base 15) to base 14.
371c3
Convert -627171 (base 8) to base 6.
-4245145
What is -110211112112 (base 3) in base 13?
-8acaa
Convert 3bcc27 (base 15) to base 8.
12765435
-703d41 (base 15) to base 3
-101000201122121
What is -73c5 (base 14) in base 3?
-1000101121
50be3f (base 16) to base 7
62656233
-3305062 (base 8) to base 7
-10354005
What is 1101001010100100111001 (base 2) in base 9?
6440128
What is 50211416 (base 7) in base 15?
570d72
What is 48003 (base 12) in base 4?
113220003
Convert -4440234113 (base 5) to base 15.
-cb7e08
What is 334343 (base 6) in base 13?
cac5
What is -208db1 (base 15) in base 12?
-6283a1
Convert 33267424 (base 8) to base 7.
114650133
3510322 (base 6) to base 15
3862b
233668 (base 10) to base 7
1662151
-1563461 (base 8) to base 3
-211222120121
Convert -4175068 (base 10) to base 11.
-23a1877
What is -6a041 (base 14) in base 5?
-31223433
What is -246805 (base 11) in base 15?
-7a6a0
Convert -42052451 (base 6) to base 14.
-23a931
-11212102111 (base 3) to base 2
-10111011001000001
What is -1222002122021 (base 3) in base 10?
-1045123
-134180 (base 9) to base 15
-19386
-556233 (base 7) to base 4
-113332230
What is 107799 (base 10) in base 11?
73a9a
What is 10063ba (base 12) in base 4?
23123222332
212171 (base 10) to base 16
33ccb
-3955887 (base 10) to base 13
-a86780
Convert -223301322 (base 4) to base 13.
-63810
159c8b (base 13) to base 14
dd4aa
Convert 8958740 (base 10) to base 15.
bbe695
Convert -203451 (base 9) to base 7.
-1011523
Convert 198280 (base 10) to base 2.
110000011010001000
What is -158766 (base 10) in base 15?
-32096
Convert 121012102220211 (base 3) to base 15.
b5125a
What is -5962 (base 11) in base 14?
-2bc0
-31064024 (base 8) to base 16
-646814
-795230 (base 10) to base 4
-3002021132
Convert -10100101000010010100 (base 2) to base 14.
-1384cc
224987 (base 14) to base 8
4344033
What is 958b4 (base 12) in base 3?
100222121201
What is 25674273 (base 9) in base 2?
110000001010101001001100
769053 (base 10) to base 13
20c07c
What is 18781728 (base 9) in base 12?
3222782
What is 215b6 (base 15) in base 16?
19dc1
-20201220112 (base 3) to base 7
-1061423
What is 243221525 (base 6) in base 10?
4637501
-2173bb8 (base 13) to base 8
-47023137
Convert -10022103131 (base 4) to base 16.
-10a4dd
What is -4212103 (base 6) in base 12?
-9a033
-1003002212200 (base 4) to base 9
-36055364
What is -8e3a0 (base 15) in base 8?
-1564723
857b1 (base 14) to base 6
10525223
What is 754967 (base 12) in base 7?
21520432
Convert 313517 (base 8) to base 13.
385cb
What is -1204e4c (base 15) in base 8?
-61236221
What is -140143131 (base 5) in base 6?
-23111102
Convert -11362201 (base 8) to base 2.
-1001011110010010000001
Convert 11210122112 (base 3) to base 4.
113010302
-1021201101212 (base 3) to base 11
-427472
What is 101aa21 (base 11) in base 15?
25884a
What is 88198 (base 13) in base 3?
110111221101
Convert 2440232201 (base 5) to base 11.
32a4962
47370b (base 13) to base 9
3160172
What is 1167041 (base 10) in base 4?
10130323001
-2122210132 (base 4) to base 3
-1012011110211
Convert 1631443 (base 7) to base 11.
144aa5
-3c4ba (base 16) to base 15
-4d29a
-31890 (base 13) to base 12
-43859
What is -3289441 (base 12) in base 6?
-542322521
-84f7b (base 16) to base 5
-114412020
Convert -22414424 (base 5) to base 4.
-301020113
Convert -1311412421 (base 5) to ba